ative of -3*i**5/5 + i**4/6 - i**3/6 - 7*i. What is u(1)?
-11
Let p(t) = 4*t**3 - t. Suppose -3*g - 5*x = -21, -2*g - 2*x + 12 = 2*x. Suppose -3 = -5*q + g. Let m = -4 + q. What is p(m)?
-3
Let k(t) = t - 1. Let i = -12 + 18. Suppose 2*w - 20 = -5*z, -4*w - 43 = -2*z - 11. Suppose 0 = 3*b - z*b + i. Determine k(b).
1
Suppose 5*i - 5*r - 18 = 27, -2*i + 4*r = -26. Let c(a) = a - 1. What is c(i)?
4
Let i be (-3 - -2)*(-11 + -1). Suppose 0*j = 5*t + 5*j - 20, 5*t - 3*j = i. Let o(q) = q**2 - q**3 + 0*q**2 + 2*q**2. What is o(t)?
0
Let l(t) = -t**2 - 3*t - 2. Suppose 4*n - 7 = 25. Let f = n - 11. What is l(f)?
-2
Suppose 5*w + 11 = 46. Let a = -2 + 5. Suppose -w + 1 = -a*d. Let h(f) = -f**2 + 2. What is h(d)?
-2
Let a be 1/(-1)*10/2. Let d(x) = x. Let q(t) = -t**2 - 13*t - 5. Let g(p) = 6*d(p) + q(p). Calculate g(a).
5
Let c(s) = -s**2 - 9*s - 8. Suppose 2*u + 3 = -9. Determine c(u).
10
Let b(k) be the first derivative of 2 + 0*k - 3/2*k**2. Calculate b(-2).
6
Let z(p) = -p**2 + 3*p + 2. Suppose -2*c + 2*r + 8 - 2 = 0, -3 = 3*c + 3*r. Let m be (0 + c + -1)/(-2). Suppose -5 = -b - m*b. Calculate z(b).
-8
Let d(g) = -2*g**2 + 2*g + 21. Let h(f) = f**2 - f - 10. Let l(y) = -4*d(y) - 9*h(y). Give l(6).
-24
Let r(f) = -2*f - 3*f + 1 + f**2 - 5. Let n be (-5*(-3 - -2))/1. Give r(n).
-4
Let q be 1/1*(1 + -1)/3. Let y(z) be the third derivative of 0 - 1/2*z**3 - 1/12*z**4 - 2*z**2 + q*z. Calculate y(-2).
1
Let p(t) = -t**2 - 7*t - 3. Let l(u) = -u + 1. Let n be l(-3). Suppose n*v = 4*o - 24, v = 3*v + 5*o + 5. Calculate p(v).
7
Let x(h) = h**2 + h. Let k be x(-2). Let u(z) = 2*z**2 + z + 2. Let n(p) = p**2 + 1. Let c(t) = 3*n(t) - u(t). Determine c(k).
3
Let j(t) = 4*t - 13. Let l(u) = -2*u + 7. Let b(v) = 6*j(v) + 11*l(v). Calculate b(-5).
-11
Let n(u) = u + 5. Let w(y) = y**3 - 5*y**2 - 2*y + 7. Let s be w(5). Give n(s).
2
Suppose 5*y - 29 = 2*v, -5*y - 3*v = v - 47. Let p(w) = w**3 - 8*w**2 + 10*w - 9. What is p(y)?
12
Suppose -n = n - 6. Let i be (1/n)/(4/36). Suppose 4*u + i*t + 17 = -3, 4*u - 2*t = 0. Let c(l) = -2*l**3 - 4*l**2 - 2*l. Determine c(u).
4
Let u(g) = g**3 + 8*g**2 + g - 3. Let s(q) = -q**3 - 9*q**2 - q + 4. Let x(p) = 5*s(p) + 6*u(p). What is x(-3)?
-1
Let c(d) be the third derivative of 0 - 3*d**2 + 1/6*d**3 - 5/24*d**4 + 0*d. Suppose 5*w - 2*g = -7*g - 25, 0 = -5*w - 4*g - 21. Calculate c(w).
6
Let v(j) = j - j + j**2 + j**2. What is v(2)?
8
Suppose -4*h + 12 = -4*i, 5*h - 3*i + 0 = 9. Let x(m) = m**2 - 2*m - 2*m + 5*m + 9 + 0*m. Calculate x(h).
9
Let m(c) = -c**2 - 4*c. Suppose -10 = 3*v + 2*v. Let x be ((-10)/2)/(1/v). Let l be (4/(-10))/(1/x). Calculate m(l).
0
Let y(a) = a. Let f be (-19)/(-95) - (24/(-5) - -2). Calculate y(f).
3
Suppose 4 = 6*y - 5*y. Let u(t) be the second derivative of 0 - 5/6*t**3 - 7/2*t**2 - 1/3*t**y + 1/20*t**5 + t. What is u(5)?
-7
Let b(u) = 27 - 45 + 21 + 11*u - 15*u**2 - u**3 + 5*u**2. Give b(-11).
3
Let k(t) be the first derivative of 4*t - 1/4*t**4 - 3 - 5/3*t**3 + 0*t**2. Calculate k(-4).
-12
Let h = 3 + -7. Let q(w) be the third derivative of -1/6*w**4 - 1/120*w**6 + 0*w**3 + 0 - 1/12*w**5 + 0*w + 5*w**2. Determine q(h).
0
Let h(p) = -p + 3. Let c be (-4 + 0)*(-20)/(-16). Let m = c + 10. Suppose m*l + 6 = 21. Determine h(l).
0
Let s(j) = -j - 4. Let k be s(0). Let m(n) = -3*n - n**2 - 2*n + 0*n**2 - 4. Determine m(k).
0
Let q be (25/(-10))/((-2)/4). Suppose -31 = -4*t - 0*p - q*p, t + 8 = 4*p. Let g(v) = -2*v**2 + 7*v - 4. Determine g(t).
-8
Suppose 4*r + 3*i - 12 = 6*i, -r + i + 2 = 0. Let p(j) = -j**3 + 5*j**2 + 8*j - 4. Give p(r).
8
Let o(f) be the first derivative of -2*f**3/3 + f**2/2 + f - 4. Let v be (2/4)/(1/(-2)). Let a = v + 0. Determine o(a).
-2
Let b(z) = 7*z - 7. Let l(c) = -4*c + 3. Let g(y) = -3*b(y) - 5*l(y). Determine g(6).
0
Suppose -3*g + 11 = -4. Suppose 2*r = g + 7. Let c = r + -1. Let o(s) = -s**3 + 4*s**2 + 6*s - 1. Determine o(c).
4
Let s(q) = 3*q**3 + q**2 - q + 6. Let u(t) = 2*t**3 + 3. Let y(j) = 3*s(j) - 5*u(j). Determine y(3).
-6
Let h(r) = -2*r**2 + r + 2. Let x be ((-23)/2)/(3/(-6)). Suppose -3*y = j + 5 - 3, -4*j = -3*y + x. Let z = j + 3. Give h(z).
-8
Let v be 68/85 + (-18)/10. Let f(n) = 15*n - 1. What is f(v)?
-16
Let q(c) = c - 4. Suppose -3*d - 5*j + 24 = d, 3*d - 4*j - 18 = 0. Calculate q(d).
2
Let w(l) = -1 - 3*l**3 + 2*l**2 + 0 - 5*l**3 + 2*l**3. Let g = 6 - 8. Let a = -1 - g. Give w(a).
-5
Let x(m) = 1. Suppose 5*y - 18 = -3. Let i(l) = -l + 14. Let g(r) = y*x(r) - i(r). Give g(6).
-5
Let l = -167 - -169. Let i(n) be the second derivative of 0 + 0*n**l - n - 1/6*n**3 - 5/6*n**4. What is i(1)?
-11
Let u = -62 - -67. Let i(p) = -p - 2 + 2*p - p**2 + p. Let c(d) = -d**2 + 3*d - 2. Let f(r) = 4*c(r) - 3*i(r). Determine f(u).
3
Let o be (-21)/9*-3 - 2. Let y(v) = -v**2 + 3*v - 2. What is y(o)?
-12
Let l(q) = 5*q**3 - 9*q**2 + 5*q - 7. Let b(a) = a**3 - a**2 - 1. Let f(d) = 4*b(d) - l(d). Let s be (-1)/(-2) + 10/4. Calculate f(s).
6
Let r = 3 + -4. Let m be (0*(-1 - -2))/r. Let n(s) = s**2 + 3. What is n(m)?
3
Let f(c) be the second derivative of -c**6/720 - 5*c**4/12 - 4*c. Let b(m) be the third derivative of f(m). Calculate b(-3).
3
Let v(n) = 5*n**2 + 1. Let f(s) = s**2 - s - 1. Let p(c) = -4*f(c) + v(c). Give p(-4).
5
Let a(v) = 3*v**3 + 3*v**2 + v + 1. Let x be 4/6 - (0 - 24/(-9)). Give a(x).
-13
Let m = -52 - -54. Let l(p) = 2*p**3 - 2*p - 1. What is l(m)?
11
Let n(p) = -p**3 - 5*p**2 - 5*p + 4. Let a(y) = -y**3 + 6*y**2 - 5*y - 4. Let v be ((-9)/(-18))/(2/20). Let s be a(v). Determine n(s).
8
Suppose 0*h + 5 = h. Suppose -h*w + 4*w = 0. Let n(d) = 0 + 3*d**2 - d**3 + w. What is n(3)?
0
Let r = 35 + -30. Let c = 0 + 7. Let u(j) = -1 - c*j + r + j + 0*j + j**2. Determine u(4).
-4
Let u(q) = -q**3 - 6*q**2 + 1. Let b(d) = 3*d. Let s be b(-2). Give u(s).
1
Let i = 15 - 11. Let g(a) = -3*a + a - i + a - a**2 - a. What is g(-3)?
-7
Suppose 2*j = -m - 7, -3*m = -6*m + 4*j + 19. Let l(k) = 24*k**3 - 2*k**2 + 2*k - 1. What is l(m)?
23
Let p(g) = -g**3 - g**2 + 2. Let z be ((-4)/2)/((-10)/(-25)). Let n(y) = y**2 + 7*y + 6. Let m be n(z). Let v = 2 + m. Calculate p(v).
6
Suppose 0 = -g - g + 4. Let h(x) = -x + 1. Let t(u) = -7*u + 4. Let n(z) = -3*h(z) + t(z). What is n(g)?
-7
Let t = 29 - 22. Let r(b) = -b**3 + 8*b**2 - 6*b + 5. Determine r(t).
12
Let l(i) be the second derivative of i**3 + 9*i. Calculate l(3).
18
Let p(m) = -4 - 7*m**3 + 9 + 17*m**2 + 8*m**3. Let b be p(-17). Let a(w) = -2 + 0*w**2 - w**2 + 6*w - 2*w. Calculate a(b).
-7
Let m(j) = -2 - j**2 - 7*j - 2 - j + 3*j. Suppose -2*q - 6 = -0*q. Give m(q).
2
Let y(j) = j**2 + 4*j - 7. Suppose d - 118 = -5*m, -42 = -2*m - 3*d - 0*d. Suppose 6*z - 2*z = -m. Give y(z).
5
Let f(s) = -5*s. Suppose 3*c + d - 11 = 0, -3*c + 19 = -0*c + 5*d. Determine f(c).
-15
Suppose 7 = -4*x - f + 40, x - 2*f = 6. Suppose -5*m + 3*s - 11 - x = 0, -2*s = -6. Let n(r) = r - 2*r**3 - r**2 + 2*r**3 - 2*r**3 + 3 + 3*r. Give n(m).
7
Let d = -8 - -3. Let u(c) = -c**2 - 6*c - 6. Let o(x) = -x**2 - 5*x - 5. Let p(q) = d*o(q) + 4*u(q). What is p(0)?
1
Let q(v) = 3*v + 7. Let j(n) = -n**2 - 6*n - 14. Let k be j(-4). Calculate q(k).
-11
Let l(z) be the second derivative of -3/2*z**2 + 0 - 1/3*z**3 + 1/12*z**4 - 5*z. Let g(o) = -o + 5. Let d be g(0). Determine l(d).
12
Let d(g) = 3*g**3 + 4*g**2 - 4*g + 3. Let q(u) = -10*u**3 - 11*u**2 + 16*u - 9. Let p(a) = 7*d(a) + 2*q(a). Suppose 0 = -c + j, c = -3*j - 0*j - 20. Give p(c).
8
Let w be (4/6)/((-8)/(-36)). Suppose -q = -w*q + 2. Let a(k) = -8*k**2 - 2 + 3 + 1234*k - 1234*k. Give a(q).
-7
Let u(n) = -3*n**3 - 3*n + 4*n**3 + 4*n**2 + 0*n**3 + 4. Let x(g) be the third derivative of g**6/24 - g**5/60 + g**3/6 + g**2. Let v be x(-1). Calculate u(v).
-6
Suppose -2*u = 3*w - 6*w - 16, 30 = -5*w + 5*u. Let j(p) = 4*p + 4. What is j(w)?
-12
Let w(m) be the third derivative of -m**6/120 - m**5/20 - m**4/8 - m**3/6 - m**2. Suppose 3*r = 5 + 10. Suppose 5 = r*t + 15. What is w(t)?
1
Let w(h) = 5*h - 6. Let p(c) = -4*c + 7. Let r(l) = -3*p(l) - 2*w(l). Suppose 24 = -3*d + 5*d. Let u be 74/d - (-4)/(-24). What is r(u)?
3
Let y(b) = -b**2 + 14*b + 37. Let x be y(16). Let g(a) = -3*a - 5. What is g(x)?
-20
Let j(k) = 2 + 2 - 5 - 3*k + 0. What is j(-2)?
5
Let l(k) be the first derivative of k**6/36 - k**